3, 241, 36269
What are the prime factors of 85506311?
11, 17, 457253
List the prime factors of 62102646.
2, 3, 131, 8779
List the prime factors of 467295614.
2, 19, 41, 299933
List the prime factors of 189494252.
2, 139, 499, 683
List the prime factors of 730229337.
3, 19, 158161
What are the prime factors of 1104605840?
2, 5, 13, 1062121
List the prime factors of 56826871.
56826871
List the prime factors of 1293795005.
5, 4723, 54787
List the prime factors of 75107250.
2, 3, 5, 3709
List the prime factors of 935780357.
37, 67, 73, 5171
What are the prime factors of 174678409?
41, 59, 72211
List the prime factors of 3105916083.
3, 38344643
List the prime factors of 1671174489.
3, 43, 12954841
List the prime factors of 16215762.
2, 3, 797, 3391
List the prime factors of 1503743139.
3, 167082571
What are the prime factors of 75446367?
3, 37, 103, 6599
What are the prime factors of 37139882?
2, 13, 349, 4093
List the prime factors of 395599586.
2, 23, 109, 257, 307
List the prime factors of 7493327794.
2, 97, 38625401
List the prime factors of 44257324.
2, 17, 251, 2593
List the prime factors of 37109861.
17, 571, 3823
List the prime factors of 70775067.
3, 11, 61, 35159
List the prime factors of 1953134614.
2, 37, 149, 307, 577
List the prime factors of 404833452.
2, 3, 101, 334021
List the prime factors of 7319301.
3, 11, 221797
List the prime factors of 1018416.
2, 3, 7, 433
List the prime factors of 15606129.
3, 7, 11, 67559
What are the prime factors of 82169538?
2, 3, 11, 1244993
What are the prime factors of 40091529?
3, 1493, 8951
What are the prime factors of 2695058025?
3, 5, 11, 17, 192161
What are the prime factors of 27099293?
13, 2084561
List the prime factors of 140952332.
2, 131, 268993
What are the prime factors of 9053392?
2, 43, 13159
What are the prime factors of 32623491?
3, 10874497
What are the prime factors of 644443993?
644443993
What are the prime factors of 956082476?
2, 53, 85091
What are the prime factors of 1013774713?
7, 144824959
List the prime factors of 728584756.
2, 359, 507371
What are the prime factors of 1122809176?
2, 59, 607, 3919
What are the prime factors of 8996523?
3, 2998841
List the prime factors of 42192759.
3, 7, 17, 73, 1619
What are the prime factors of 2219609934?
2, 3, 123311663
What are the prime factors of 457011688?
2, 7, 8160923
List the prime factors of 56348777.
56348777
List the prime factors of 284299037.
11, 1609, 16063
What are the prime factors of 18513578?
2, 17, 544517
What are the prime factors of 150631177?
150631177
What are the prime factors of 467923183?
7, 13, 5142013
What are the prime factors of 62566593?
3, 37, 563663
List the prime factors of 263572136.
2, 1381, 23857
List the prime factors of 31462482.
2, 3, 23, 227989
What are the prime factors of 35997200?
2, 5, 31, 2903
List the prime factors of 758942146.
2, 71, 5344663
What are the prime factors of 2851979720?
2, 5, 1021, 69833
List the prime factors of 161019288.
2, 3, 673, 3323
What are the prime factors of 16885740?
2, 3, 5, 281429
List the prime factors of 86227583.
13, 71, 103, 907
List the prime factors of 121975252.
2, 7, 409, 10651
What are the prime factors of 31169633?
11, 19, 293, 509
List the prime factors of 1057187413.
1787, 591599
List the prime factors of 274002554.
2, 7, 19571611
List the prime factors of 427257182.
2, 11, 383, 50707
List the prime factors of 2377139002.
2, 7, 17, 9987979
What are the prime factors of 1178436852?
2, 3, 31, 1055947
What are the prime factors of 3463331021?
127, 1097, 24859
List the prime factors of 1181108013.
3, 227, 1734373
What are the prime factors of 221468120?
2, 5, 487, 11369
What are the prime factors of 20322415?
5, 103, 39461
What are the prime factors of 70043324?
2, 13, 1346987
List the prime factors of 3106236385.
5, 7, 88749611
List the prime factors of 1160676049.
13, 89282773
List the prime factors of 4146832150.
2, 5, 23, 587, 6143
List the prime factors of 1476262382.
2, 7, 105447313
List the prime factors of 2756249610.
2, 3, 5, 17, 29, 157, 1187
What are the prime factors of 1584038?
2, 29, 31, 881
What are the prime factors of 11236102?
2, 47, 119533
What are the prime factors of 463314032?
2, 61, 474707
What are the prime factors of 538436798?
2, 43, 6260893
What are the prime factors of 8684873?
8684873
List the prime factors of 265754114.
2, 167, 347, 2293
List the prime factors of 25438719.
3, 8479573
What are the prime factors of 47934762?
2, 3, 2311, 3457
List the prime factors of 1046531659.
1046531659
What are the prime factors of 160639074?
2, 3, 79, 112967
List the prime factors of 8369937132.
2, 3, 31, 725801
What are the prime factors of 24820609?
11, 205129
What are the prime factors of 408213979?
17, 59, 406993
What are the prime factors of 78404897?
78404897
What are the prime factors of 14811650?
2, 5, 7, 101, 419
What are the prime factors of 1131473242?
2, 565736621
What are the prime factors of 110806164?
2, 3, 7, 103, 1423
List the prime factors of 112111988.
2, 229, 122393
List the prime factors of 182855797.
67, 103, 26497
What are the prime factors of 139082462?
2, 69541231
What are the prime factors of 4901114441?
97, 373, 135461
What are the prime factors of 40614594?
2, 3, 6769099
What are the prime factors of 406863315?
3, 5, 1381, 6547
What are the prime factors of 155614473?
3, 7, 823357
What are the prime factors of 497163186?
2, 3, 13, 163433
List the prime factors of 42651195.
3, 5, 31, 37, 67
List the prime factors of 5687706.
2, 3, 547, 1733
What are the prime factors of 2545317317?
223, 419, 27241
What are the prime factors of 90276121?
13, 6944317
What are the prime factors of 502105312?
2, 15690791
What are the prime factors of 474562577?
41, 43, 269179
What are the prime factors of 1208393282?
2, 359, 1682999
List the prime factors of 613986771.
3, 23, 71, 125329
List the prime factors of 2389799100.
2, 3, 5, 13, 19, 32251
List the prime factors of 525866822.
2, 13, 1555819
List the prime factors of 3919656266.
2, 1959828133
List the prime factors of 3656836738.
2, 1828418369
List the prime factors of 119457060.
2, 3, 5, 1990951
What are the prime factors of 46447918?
2, 11, 499, 4231
List the prime factors of 25545803.
25545803
What are the prime factors of 923132286?
2, 3, 2027, 25301
List the prime factors of 19904015.
5, 31, 128413
What are the prime factors of 22959412?
2, 7, 71, 11549
What are the prime factors of 1186437427?
7, 169491061
What are the prime factors of 250648752?
2, 3, 5221849
List the prime factors of 24057404.
2, 7, 379, 2267
What are the prime factors of 7761959936?
2, 41, 184879
List the prime factors of 49386256.
2, 3086641
What are the prime factors of 13349900?
2, 5, 133499
What are the prime factors of 309362973?
3, 79, 97, 13457
What are the prime factors of 1057033449?
3, 39149387
What are the prime factors of 461246650?
2, 5, 9224933
What are the prime factors of 69913109?
7, 101, 98887
What are the prime factors of 4356994012?
2, 7, 137, 397, 2861
List the prime factors of 2143157974.
2, 1071578987
What are the prime factors of 817201234?
2, 83, 1201, 4099
What are the prime factors of 60522697?
103, 587599
List the prime factors of 18308097.
3, 2034233
What are the prime factors of 7430598193?
2663, 2790311
What are the prime factors of 1858121478?
2, 3, 3637, 9461
List the prime factors of 318338072.
2, 13, 167, 18329
List the prime factors of 796289503.
17, 769, 3583
List the prime factors of 4852145248.
2, 907, 167177
What are the prime factors of 1096941746?
2, 677, 810149
List the prime factors of 3309332999.
7, 17, 19, 29, 41, 1231
List the prime factors of 466024669.
11, 43, 985253
What are the prime factors of 72005781?
3, 1801, 13327
What are the prime factors of 97804530?
2, 3, 5, 29, 12491
What are the prime factors of 2824808333?
2824808333
What are the prime factors of 35847750?
2, 3, 5, 47797
List the prime factors of 723925082.
2, 31, 11676211
List the prime factors of 42721676.
2, 107, 99817
What are the prime factors of 118679182?
2, 59339591
List the prime factors of 203158199.
203158199
What are the prime factors of 70455454?
2, 1567, 22481
List the prime factors of 156648763.
277, 565519
What are the prime factors of 50458842?
2, 3, 7, 131, 1019
List 